is -4342 (base 5) in base 14?
-309
What is -1110323 (base 5) in base 7?
-110513
3a3a (base 13) to base 5
231310
-b (base 14) to base 5
-21
1100325 (base 6) to base 11
37a98
What is 34668 (base 9) in base 6?
255055
-3c6 (base 13) to base 2
-1010011101
What is 573 (base 15) in base 11?
a21
Convert 146 (base 15) to base 5.
2131
What is 341303 (base 5) in base 8?
27456
87872 (base 10) to base 11
60024
Convert -1001122 (base 4) to base 8.
-10132
10202 (base 6) to base 15
615
1100100 (base 3) to base 5
12411
Convert -540004 (base 6) to base 13.
-1709b
What is -117551 (base 9) in base 3?
-10121121201
14082 (base 11) to base 5
1120210
Convert -9 (base 14) to base 10.
-9
-305 (base 13) to base 2
-1000000000
What is -1000111110010 (base 2) in base 4?
-1013302
Convert 1a55 (base 13) to base 11.
2a78
-771 (base 12) to base 9
-1444
Convert 551 (base 9) to base 5.
3301
22112 (base 6) to base 10
3068
What is 2484 (base 11) in base 9?
4387
Convert -11310 (base 5) to base 2.
-1100111110
-151 (base 6) to base 14
-4b
Convert 189 (base 16) to base 13.
243
Convert 409 (base 14) to base 12.
561
Convert -2003101 (base 5) to base 10.
-31651
What is -6ab (base 12) in base 6?
-4335
2023023 (base 4) to base 9
13186
What is -6a1 (base 12) in base 11?
-816
What is 41111 (base 6) in base 9?
7417
Convert 320 (base 13) to base 2.
1000010101
-40012 (base 5) to base 16
-9cb
-8bc (base 14) to base 5
-23414
What is 4378 (base 12) in base 6?
54232
Convert -1230 (base 5) to base 8.
-276
-24236 (base 8) to base 14
-3b0a
Convert -1303 (base 7) to base 3.
-200021
What is -3131001 (base 4) in base 15?
-42d0
10d8 (base 14) to base 5
43214
aa9d (base 15) to base 14
d260
What is -1409 (base 10) in base 6?
-10305
What is -204424 (base 6) in base 10?
-16576
193 (base 12) to base 6
1103
What is 3821 (base 9) in base 5?
42404
Convert -168 (base 10) to base 7.
-330
Convert -2624 (base 7) to base 15.
-468
Convert 6183 (base 11) to base 4.
2000012
-30ab (base 12) to base 11
-3aa2
Convert 47 (base 11) to base 9.
56
Convert -110200010 (base 3) to base 2.
-10010000010101
Convert -3510 (base 6) to base 10.
-834
100001110 (base 2) to base 9
330
-111110010100 (base 2) to base 15
-12ad
31201 (base 4) to base 10
865
What is -101011010111 (base 2) in base 3?
-10210210
What is -3040223 (base 5) in base 6?
-1020514
What is -13031 (base 7) in base 9?
-4655
-1107 (base 15) to base 14
-1459
What is b948 (base 13) in base 14?
9552
-3736 (base 13) to base 15
-24b4
What is 4933 (base 12) in base 6?
102103
221101 (base 3) to base 10
685
What is -210265 (base 7) in base 13?
-135c7
Convert 1532 (base 6) to base 10.
416
Convert 2100122 (base 4) to base 6.
110442
What is 2c (base 14) in base 9?
44
What is 101001000101010 (base 2) in base 14?
7946
Convert 10344 (base 5) to base 10.
724
-30040 (base 5) to base 3
-2121012
Convert 104413 (base 5) to base 9.
5107
Convert 23436 (base 7) to base 6.
44010
71d (base 14) to base 5
21044
What is -146541 (base 7) in base 9?
-43376
Convert -1055 (base 11) to base 9.
-1815
Convert -240350 (base 7) to base 13.
-169a6
What is 5481 (base 11) in base 2?
1110000111100
12222020 (base 3) to base 8
10401
1673 (base 8) to base 7
2533
What is -12450 (base 6) in base 3?
-2121110
8608 (base 9) to base 7
24305
Convert -a3 (base 13) to base 9.
-157
Convert 188 (base 16) to base 3.
112112
Convert -10000001110 (base 2) to base 9.
-1373
Convert 227 (base 10) to base 14.
123
Convert -20469 (base 10) to base 11.
-14419
Convert -11011111101110 (base 2) to base 12.
-8352
-1001000101 (base 2) to base 16
-245
What is -1110000111001 (base 2) in base 9?
-10817
11212300 (base 4) to base 6
254144
What is -1a56 (base 15) in base 14?
-2118
What is 600 (base 13) in base 8?
1766
What is -32220 (base 5) in base 3?
-2222221
Convert -416 (base 13) to base 6.
-3115
-24a2 (base 14) to base 7
-24462
What is -23d5 (base 14) in base 3?
-22120222
-223002 (base 4) to base 10
-2754
Convert 436 (base 13) to base 7.
2050
303034 (base 7) to base 4
30210103
21013 (base 4) to base 16
247
Convert -127b2 (base 13) to base 14.
-c6cb
Convert -33022 (base 10) to base 11.
-228a0
Convert 45b4 (base 12) to base 11.
5922
529 (base 11) to base 4
21330
-205131 (base 6) to base 5
-1013222
-80 (base 10) to base 7
-143
Convert -1000000010 (base 2) to base 9.
-631
What is -26b45 (base 12) in base 6?
-1051325
Convert -9265 (base 12) to base 10.
-15917
Convert 1011001000 (base 2) to base 4.
23020
Convert -110273 (base 8) to base 10.
-37051
Convert -221175 (base 8) to base 9.
-123007
Convert 11430 (base 8) to base 5.
124023
-b472 (base 14) to base 15
-9313
What is 127 (base 11) in base 7?
303
Convert -ec9b (base 16) to base 4.
-32302123
ec (base 16) to base 13
152
What is 182 (base 15) in base 5?
2342
What is 3015 (base 6) in base 11?
54a
What is 210133 (base 6) in base 7?
100200
Convert 1010001100 (base 2) to base 3.
220011
198 (base 14) to base 10
330
Convert -3186 (base 14) to base 2.
-10000101100010
What is -1a1 (base 16) in base 11?
-34a
-2759 (base 14) to base 16
-1b1b
839 (base 11) to base 8
1762
Convert -44e (base 16) to base 6.
-5034
What is 101220201 (base 3) in base 16?
1f15
What is -120111 (base 4) in base 12?
-a99
What is 7572 (base 13) in base 11?
11294
32011 (base 4) to base 15
401
20134 (base 5) to base 9
1687
Convert 4443312 (base 5) to base 7.
443165
Convert 543 (base 6) to base 3.
21200
What is 17412 (base 10) in base 15?
525c
Convert -80e3 (base 16) to base 3.
-1200021001
Convert -2044 (base 5) to base 6.
-1134
What is -39b (base 13) in base 15?
-2c5
-12a (base 15) to base 11
-221
What is 12101022 (base 3) in base 5?
111143
What is -427 (base 15) in base 8?
-1651
-3fd0 (base 16) to base 7
-65425
Convert 4716 (base 8) to base 15.
b25
Convert b1 (base 16) to base 6.
453
-8c8c (base 16) to base 10
-35980
What is -b2e (base 16) in base 10?
-2862
1416 (base 12) to base 8
4422
268 (base 12) to base 2
101110000
What is -22007 (base 10) in base 5?
-1201012
-12312 (base 8) to base 2
-1010011001010
10111100 (base 2) to base 11
161
10111000 (base 2) to base 3
20211
Convert -110111111011101 (base 2) to base 5.
-1404022
284 (base 10) to base 13
18b
Convert 24240 (base 7) to base 15.
1d00
-1ba (base 12) to base 8
-436
Convert -1a0c (base 14) to base 2.
-1001001101100
What is -14344 (base 5) in base 7?
-3366
What is -d93 (base 16) in base 8?
-6623
-20222 (base 4) to base 9
-675
-110011111110 (base 2) to base 14
-12d8
What is -1776 (base 8) in base 4?
-33332
What is -67a0 (base 11) in base 15?
-29b3
f08 (base 16) to base 6
25452
668 (base 12) to base 15
42e
Convert -3230 (base 4) to base 5.
-1421
What is 502 (base 11) in base 2?
1001011111
What is 13283 (base 9) in base 16?
2319
Convert -36e4 (base 16) to base 7.
-55653
What is 1000100 (base 3) in base 2?
1011100010
22202 (base 3) to base 6
1032
-fd8 (base 16) to base 9
-5506
Convert 2332112 (base 4) to base 14.
4622
What is -63368 (base 10) in base 12?
-30808
Convert 21112 (base 4) to base 9.
734
102212011 (base 3) to base 5
234034
Convert 1054222 (base 6) to base 11.
376aa
What is 30 (base 16) in base 7?
66
-1a9 (base 12) to base 14
-157
-70554 (base 8) to base 9
-43742
What is -110102210 (base 3) in base 11?
-68a2
What is -605 (base 7) in base 14?
-175
-101111101 (base 2) to base 15
-1a6
Convert -2313 (base 10) to base 12.
-1409
What is 2000122 (base 3) in base 2?
10111000011
What is -a90 (base 16) in base 5?
-41304
-11252 (base 6) to base 4
-121100
-20b (base 12) to base 7
-605
What is 7061 (base 13) in base 10?
15458
23302 (base 4) to base 6
3254
10000020 (base 3) to base 9
3006
10010110 (base 2) to base 13
b7
What is -223 (base 10) in base 14?
-11d
What is 1156 (base 7) in base 6?
2001
Convert 265705 (base 8) to base 9.
151662
1161 (base 9) to base 7
2344
Convert 10111000110100 (base 2) to base 11.
8983
a62e (base 16) to base 6
524542
What is -44151 (base 8) in base 4?
-10201221
Convert 1b04 (base 15) to base 2.
1011011011110
-390 (base 10) to base 4
-12012
-4554 (base 10) to base 9
-6220
-974b (base 12) to base 15
-4dce
What is 10140121 (base 5) in base 14?
2276a
What is 288 (base 9) in base 14?
134
Convert -240 (base 16) to base 12.
-400
What is -11100011 (base 2) in base 12?
-16b
Convert -465 (base 10) to base 8.
-721
-195 (base 15) to base 3
-111112
-10122 (base 3) to base 1